[INFO] cloning repository https://github.com/lenscas/dead_wars
[INFO] running `Command { std: "git" "-c" "credential.helper=" "-c" "credential.helper=/workspace/cargo-home/bin/git-credential-null" "clone" "--bare" "https://github.com/lenscas/dead_wars" "/workspace/cache/git-repos/https%3A%2F%2Fgithub.com%2Flenscas%2Fdead_wars", kill_on_drop: false }`
[INFO] [stderr] Cloning into bare repository '/workspace/cache/git-repos/https%3A%2F%2Fgithub.com%2Flenscas%2Fdead_wars'...
[INFO] running `Command { std: "git" "rev-parse" "HEAD", kill_on_drop: false }`
[INFO] [stdout] d62e4b545286a363d579b6421922636df64306bf
[INFO] checking lenscas/dead_wars against try#72f88fc4e9458f89516a0b8b0868f3718aec5b47 for pr-74989
[INFO] running `Command { std: "git" "clone" "/workspace/cache/git-repos/https%3A%2F%2Fgithub.com%2Flenscas%2Fdead_wars" "/workspace/builds/worker-11/source", kill_on_drop: false }`
[INFO] [stderr] Cloning into '/workspace/builds/worker-11/source'...
[INFO] [stderr] done.
[INFO] validating manifest of git repo https://github.com/lenscas/dead_wars on toolchain 72f88fc4e9458f89516a0b8b0868f3718aec5b47
[INFO] running `Command { std: "/workspace/cargo-home/bin/cargo" "+72f88fc4e9458f89516a0b8b0868f3718aec5b47" "read-manifest" "--manifest-path" "Cargo.toml", kill_on_drop: false }`
[INFO] started tweaking git repo https://github.com/lenscas/dead_wars
[INFO] removed path dependency mergui from git repo https://github.com/lenscas/dead_wars
[INFO] finished tweaking git repo https://github.com/lenscas/dead_wars
[INFO] tweaked toml for git repo https://github.com/lenscas/dead_wars written to /workspace/builds/worker-11/source/Cargo.toml
[INFO] crate git repo https://github.com/lenscas/dead_wars already has a lockfile, it will not be regenerated
[INFO] running `Command { std: "/workspace/cargo-home/bin/cargo" "+72f88fc4e9458f89516a0b8b0868f3718aec5b47" "fetch" "--locked" "--manifest-path" "Cargo.toml", kill_on_drop: false }`
[INFO] [stderr] warning: dependency (mergui) specified without providing a local path, Git repository, or version to use. This will be considered an error in future versions
[INFO] [stderr]     Updating crates.io index
[INFO] [stderr] error: the lock file /workspace/builds/worker-11/source/Cargo.lock needs to be updated but --locked was passed to prevent this
[INFO] [stderr] If you want to try to generate the lock file without accessing the network, use the --offline flag.
[INFO] the lockfile is outdated, regenerating it
[INFO] running `Command { std: "/workspace/cargo-home/bin/cargo" "+72f88fc4e9458f89516a0b8b0868f3718aec5b47" "generate-lockfile" "--manifest-path" "Cargo.toml" "-Zno-index-update", kill_on_drop: false }`
[INFO] [stderr]     Updating git repository `https://github.com/lenscas/silver_animation`
[INFO] running `Command { std: "/workspace/cargo-home/bin/cargo" "+72f88fc4e9458f89516a0b8b0868f3718aec5b47" "fetch" "--locked" "--manifest-path" "Cargo.toml", kill_on_drop: false }`
[INFO] [stderr] warning: dependency (mergui) specified without providing a local path, Git repository, or version to use. This will be considered an error in future versions
[INFO] [stderr]  Downloading crates ...
[INFO] [stderr]   Downloaded mergui v0.1.0-alpha0.7
[INFO] running `Command { std: "docker" "create" "-v" "/var/lib/crater-agent-workspace/builds/worker-11/target:/opt/rustwide/target:rw,Z" "-v" "/var/lib/crater-agent-workspace/builds/worker-11/source:/opt/rustwide/workdir:ro,Z" "-v" "/var/lib/crater-agent-workspace/cargo-home:/opt/rustwide/cargo-home:ro,Z" "-v" "/var/lib/crater-agent-workspace/rustup-home:/opt/rustwide/rustup-home:ro,Z" "-e" "SOURCE_DIR=/opt/rustwide/workdir" "-e" "CARGO_TARGET_DIR=/opt/rustwide/target" "-e" "CARGO_HOME=/opt/rustwide/cargo-home" "-e" "RUSTUP_HOME=/opt/rustwide/rustup-home" "-w" "/opt/rustwide/workdir" "-m" "1610612736" "--user" "0:0" "--network" "none" "rustops/crates-build-env@sha256:d92eaeed33fa75130ca1ee6c8a01d1ffb62bac859dfdfb3450e3e5d1c0146529" "/opt/rustwide/cargo-home/bin/cargo" "+72f88fc4e9458f89516a0b8b0868f3718aec5b47" "metadata" "--no-deps" "--format-version=1", kill_on_drop: false }`
[INFO] [stderr] WARNING: Your kernel does not support swap limit capabilities or the cgroup is not mounted. Memory limited without swap.
[INFO] [stdout] e25dea322d687b17e8cef20b6385b2747ce348956bd7e23de27aca2fd78e6225
[INFO] running `Command { std: "docker" "start" "-a" "e25dea322d687b17e8cef20b6385b2747ce348956bd7e23de27aca2fd78e6225", kill_on_drop: false }`
[INFO] running `Command { std: "docker" "inspect" "e25dea322d687b17e8cef20b6385b2747ce348956bd7e23de27aca2fd78e6225", kill_on_drop: false }`
[INFO] running `Command { std: "docker" "rm" "-f" "e25dea322d687b17e8cef20b6385b2747ce348956bd7e23de27aca2fd78e6225", kill_on_drop: false }`
[INFO] [stdout] e25dea322d687b17e8cef20b6385b2747ce348956bd7e23de27aca2fd78e6225
[INFO] running `Command { std: "docker" "create" "-v" "/var/lib/crater-agent-workspace/builds/worker-11/target:/opt/rustwide/target:rw,Z" "-v" "/var/lib/crater-agent-workspace/builds/worker-11/source:/opt/rustwide/workdir:ro,Z" "-v" "/var/lib/crater-agent-workspace/cargo-home:/opt/rustwide/cargo-home:ro,Z" "-v" "/var/lib/crater-agent-workspace/rustup-home:/opt/rustwide/rustup-home:ro,Z" "-e" "SOURCE_DIR=/opt/rustwide/workdir" "-e" "CARGO_TARGET_DIR=/opt/rustwide/target" "-e" "CARGO_INCREMENTAL=0" "-e" "RUST_BACKTRACE=full" "-e" "RUSTFLAGS=--cap-lints=forbid" "-e" "CARGO_HOME=/opt/rustwide/cargo-home" "-e" "RUSTUP_HOME=/opt/rustwide/rustup-home" "-w" "/opt/rustwide/workdir" "-m" "1610612736" "--user" "0:0" "--network" "none" "rustops/crates-build-env@sha256:d92eaeed33fa75130ca1ee6c8a01d1ffb62bac859dfdfb3450e3e5d1c0146529" "/opt/rustwide/cargo-home/bin/cargo" "+72f88fc4e9458f89516a0b8b0868f3718aec5b47" "check" "--frozen" "--all" "--all-targets" "--message-format=json", kill_on_drop: false }`
[INFO] [stdout] 39af9c6e1978a51fdfc48a2117b53267ce4e0ec5f6fd997e5b179d5f51588280
[INFO] [stderr] WARNING: Your kernel does not support swap limit capabilities or the cgroup is not mounted. Memory limited without swap.
[INFO] running `Command { std: "docker" "start" "-a" "39af9c6e1978a51fdfc48a2117b53267ce4e0ec5f6fd997e5b179d5f51588280", kill_on_drop: false }`
[INFO] [stderr] warning: dependency (mergui) specified without providing a local path, Git repository, or version to use. This will be considered an error in future versions
[INFO] [stderr]    Compiling libc v0.2.77
[INFO] [stderr]    Compiling log v0.4.11
[INFO] [stderr]    Compiling proc-macro2 v1.0.21
[INFO] [stderr]    Compiling rand_core v0.4.2
[INFO] [stderr]    Compiling autocfg v0.1.7
[INFO] [stderr]    Compiling autocfg v1.0.1
[INFO] [stderr]    Compiling syn v1.0.41
[INFO] [stderr]    Compiling siphasher v0.2.3
[INFO] [stderr]     Checking cfg-if v0.1.10
[INFO] [stderr]    Compiling xml-rs v0.8.3
[INFO] [stderr]    Compiling serde_derive v1.0.116
[INFO] [stderr]    Compiling string_cache_shared v0.3.0
[INFO] [stderr]     Checking slab v0.4.2
[INFO] [stderr]    Compiling new_debug_unreachable v1.0.4
[INFO] [stderr]    Compiling encoding_index_tests v0.1.4
[INFO] [stderr]     Checking lazy_static v1.4.0
[INFO] [stderr]    Compiling pkg-config v0.3.18
[INFO] [stderr]    Compiling byte-tools v0.3.1
[INFO] [stderr]    Compiling unicode-xid v0.0.4
[INFO] [stderr]    Compiling libloading v0.6.3
[INFO] [stderr]    Compiling void v1.0.2
[INFO] [stderr]    Compiling ordermap v0.3.5
[INFO] [stderr]    Compiling fixedbitset v0.1.9
[INFO] [stderr]    Compiling bit-vec v0.6.2
[INFO] [stderr]    Compiling fake-simd v0.1.2
[INFO] [stderr]    Compiling either v1.6.0
[INFO] [stderr]    Compiling quote v0.3.15
[INFO] [stderr]    Compiling precomputed-hash v0.1.1
[INFO] [stderr]    Compiling opaque-debug v0.2.3
[INFO] [stderr]    Compiling lazy_static v0.2.11
[INFO] [stderr]    Compiling rustc-serialize v0.3.24
[INFO] [stderr]    Compiling serde_json v1.0.57
[INFO] [stderr]    Compiling mac v0.1.1
[INFO] [stderr]    Compiling serde v0.9.15
[INFO] [stderr]    Compiling lalrpop-util v0.16.3
[INFO] [stderr]    Compiling semver-parser v0.7.0
[INFO] [stderr]     Checking lazycell v1.3.0
[INFO] [stderr]    Compiling pin-project-internal v0.4.23
[INFO] [stderr]    Compiling maybe-uninit v2.0.0
[INFO] [stderr]    Compiling itoa v0.4.6
[INFO] [stderr]    Compiling stdweb-internal-runtime v0.1.5
[INFO] [stderr]     Checking downcast-rs v1.2.0
[INFO] [stderr]     Checking smallvec v1.4.2
[INFO] [stderr]    Compiling RustyXML v0.1.1
[INFO] [stderr]    Compiling nix v0.15.0
[INFO] [stderr]    Compiling base-x v0.2.6
[INFO] [stderr]    Compiling crc32fast v1.2.0
[INFO] [stderr]     Checking once_cell v1.4.1
[INFO] [stderr]    Compiling cc v1.0.59
[INFO] [stderr]    Compiling sha1 v0.6.0
[INFO] [stderr]     Checking discard v1.0.4
[INFO] [stderr]     Checking futures-core v0.3.5
[INFO] [stderr]     Checking uuid v0.8.1
[INFO] [stderr]     Checking instant v0.1.6
[INFO] [stderr]     Checking percent-encoding v2.1.0
[INFO] [stderr]     Checking array-macro v1.0.5
[INFO] [stderr]     Checking tinyvec v0.3.4
[INFO] [stderr]     Checking rustc-hash v1.1.0
[INFO] [stderr]     Checking bytemuck v1.4.1
[INFO] [stderr]     Checking mint v0.5.5
[INFO] [stderr]     Checking hashbrown v0.9.0
[INFO] [stderr]    Compiling thread_local v1.0.1
[INFO] [stderr]    Compiling encoding-index-singlebyte v1.20141219.5
[INFO] [stderr]    Compiling encoding-index-korean v1.20141219.5
[INFO] [stderr]    Compiling encoding-index-simpchinese v1.20141219.5
[INFO] [stderr]    Compiling encoding-index-tradchinese v1.20141219.5
[INFO] [stderr]    Compiling encoding-index-japanese v1.20141219.5
[INFO] [stderr]    Compiling block-padding v0.1.5
[INFO] [stderr]    Compiling synom v0.11.3
[INFO] [stderr]    Compiling ascii-canvas v1.0.0
[INFO] [stderr]    Compiling phf_shared v0.7.24
[INFO] [stderr]    Compiling unreachable v0.1.1
[INFO] [stderr]    Compiling rand_core v0.3.1
[INFO] [stderr]    Compiling rand_jitter v0.1.4
[INFO] [stderr]    Compiling itertools v0.8.2
[INFO] [stderr]    Compiling futf v0.1.4
[INFO] [stderr]    Compiling bit-set v0.5.2
[INFO] [stderr]    Compiling utf-8 v0.6.0
[INFO] [stderr]     Checking futures-util-preview v0.3.0-alpha.19
[INFO] [stderr]     Checking futures-channel-preview v0.3.0-alpha.19
[INFO] [stderr]    Compiling rand_pcg v0.1.2
[INFO] [stderr]    Compiling rand_chacha v0.1.1
[INFO] [stderr]    Compiling rand v0.6.5
[INFO] [stderr]    Compiling petgraph v0.4.13
[INFO] [stderr]     Checking inflate v0.4.5
[INFO] [stderr]    Compiling semver v0.9.0
[INFO] [stderr]    Compiling num-traits v0.2.12
[INFO] [stderr]    Compiling num-integer v0.1.43
[INFO] [stderr]    Compiling num-rational v0.2.4
[INFO] [stderr]    Compiling num-iter v0.1.41
[INFO] [stderr]    Compiling hashbrown v0.7.2
[INFO] [stderr]    Compiling indexmap v1.6.0
[INFO] [stderr]     Checking futures-task v0.3.5
[INFO] [stderr]    Compiling x11-dl v2.18.5
[INFO] [stderr]    Compiling libudev-sys v0.1.4
[INFO] [stderr]    Compiling byteorder v1.3.4
[INFO] [stderr]    Compiling typenum v1.12.0
[INFO] [stderr]    Compiling memchr v2.3.3
[INFO] [stderr]    Compiling bitflags v1.2.1
[INFO] [stderr]    Compiling ryu v1.0.5
[INFO] [stderr]     Checking unicode-normalization v0.1.13
[INFO] [stderr]    Compiling syn v0.11.11
[INFO] [stderr]    Compiling debug_unreachable v0.1.1
[INFO] [stderr]    Compiling phf v0.7.24
[INFO] [stderr]    Compiling rand_isaac v0.1.1
[INFO] [stderr]    Compiling rand_hc v0.1.0
[INFO] [stderr]    Compiling rand_xorshift v0.1.1
[INFO] [stderr]    Compiling encoding v0.2.33
[INFO] [stderr]    Compiling rustc_version v0.2.3
[INFO] [stderr]     Checking stb_truetype v0.3.1
[INFO] [stderr]     Checking deflate v0.7.20
[INFO] [stderr]     Checking jpeg-decoder v0.1.20
[INFO] [stderr]    Compiling aho-corasick v0.7.13
[INFO] [stderr]    Compiling ena v0.11.0
[INFO] [stderr]    Compiling gl_generator v0.14.0
[INFO] [stderr]    Compiling gl_generator v0.13.1
[INFO] [stderr]     Checking dlib v0.4.2
[INFO] [stderr]    Compiling generic-array v0.12.3
[INFO] [stderr]    Compiling libloading v0.5.2
[INFO] [stderr]    Compiling wayland-scanner v0.23.6
[INFO] [stderr]    Compiling tendril v0.2.4
[INFO] [stderr]    Compiling quote v1.0.7
[INFO] [stderr]    Compiling stdweb v0.4.20
[INFO] [stderr]     Checking wayland-sys v0.23.6
[INFO] [stderr]     Checking png v0.15.3
[INFO] [stderr]    Compiling block-buffer v0.7.3
[INFO] [stderr]    Compiling digest v0.8.1
[INFO] [stderr]    Compiling regex v1.3.9
[INFO] [stderr]    Compiling sha2 v0.8.2
[INFO] [stderr]     Checking net2 v0.2.35
[INFO] [stderr]     Checking iovec v0.1.4
[INFO] [stderr]     Checking nix v0.14.1
[INFO] [stderr]     Checking num_cpus v1.13.0
[INFO] [stderr]     Checking parking_lot_core v0.7.2
[INFO] [stderr]     Checking memmap v0.7.0
[INFO] [stderr]     Checking shared_library v0.1.9
[INFO] [stderr]     Checking raw-window-handle v0.3.3
[INFO] [stderr]     Checking time v0.1.44
[INFO] [stderr]     Checking atty v0.2.14
[INFO] [stderr]     Checking dirs v1.0.5
[INFO] [stderr]     Checking ordered-float v1.1.0
[INFO] [stderr]     Checking approx v0.3.2
[INFO] [stderr]     Checking line_drawing v0.7.0
[INFO] [stderr]    Compiling rand_os v0.1.3
[INFO] [stderr]    Compiling glutin_egl_sys v0.1.5
[INFO] [stderr]    Compiling glutin_glx_sys v0.1.7
[INFO] [stderr]     Checking mio v0.6.22
[INFO] [stderr]     Checking futures-executor-preview v0.3.0-alpha.19
[INFO] [stderr]     Checking osmesa-sys v0.1.2
[INFO] [stderr]     Checking colored v1.9.3
[INFO] [stderr]     Checking parking_lot v0.10.2
[INFO] [stderr]    Compiling clap v2.33.3
[INFO] [stderr]     Checking rusttype v0.8.3
[INFO] [stderr]    Compiling glow v0.4.0
[INFO] [stderr]     Checking chrono v0.4.15
[INFO] [stderr]     Checking image v0.22.5
[INFO] [stderr]     Checking rusttype v0.7.9
[INFO] [stderr]     Checking elefont v0.1.3
[INFO] [stderr]     Checking mio-extras v2.0.6
[INFO] [stderr]     Checking andrew v0.2.1
[INFO] [stderr]    Compiling wayland-client v0.23.6
[INFO] [stderr]    Compiling wayland-protocols v0.23.6
[INFO] [stderr]    Compiling phf_generator v0.7.24
[INFO] [stderr]     Checking simple_logger v1.9.0
[INFO] [stderr]    Compiling string_cache_codegen v0.3.1
[INFO] [stderr]    Compiling string_cache_codegen v0.4.4
[INFO] [stderr]    Compiling phf_codegen v0.7.24
[INFO] [stderr]    Compiling string_cache v0.4.0
[INFO] [stderr]    Compiling html5ever-atoms v0.2.2
[INFO] [stderr]    Compiling string_cache v0.7.5
[INFO] [stderr]    Compiling html5ever v0.13.1
[INFO] [stderr]     Checking wayland-commons v0.23.6
[INFO] [stderr]     Checking calloop v0.4.4
[INFO] [stderr]     Checking gilrs-core v0.2.6
[INFO] [stderr]     Checking gilrs v0.7.4
[INFO] [stderr]    Compiling enum-map-derive v0.4.3
[INFO] [stderr]    Compiling async-trait v0.1.40
[INFO] [stderr]    Compiling html2runes v1.0.1
[INFO] [stderr]     Checking enum-map v0.6.3
[INFO] [stderr]     Checking smithay-client-toolkit v0.6.6
[INFO] [stderr]     Checking pin-project v0.4.23
[INFO] [stderr]     Checking futures-util v0.3.5
[INFO] [stderr]     Checking winit v0.22.2
[INFO] [stderr]     Checking golem v0.1.7
[INFO] [stderr]     Checking glutin v0.24.1
[INFO] [stderr]     Checking futures-executor v0.3.5
[INFO] [stderr]    Compiling serde v1.0.116
[INFO] [stderr]    Compiling docopt v1.1.0
[INFO] [stderr]    Compiling stdweb-derive v0.5.3
[INFO] [stderr]    Compiling lalrpop v0.16.3
[INFO] [stderr]     Checking gestalt v0.1.0
[INFO] [stderr]    Compiling stdweb-internal-macros v0.2.9
[INFO] [stderr]     Checking platter v0.1.4
[INFO] [stderr]    Compiling webidl v0.8.0
[INFO] [stderr]    Compiling webgl_generator v0.2.0
[INFO] [stderr]    Compiling webgl_stdweb v0.3.0
[INFO] [stderr]     Checking blinds v0.1.6
[INFO] [stderr]     Checking quicksilver v0.4.0-alpha0.7
[INFO] [stderr]     Checking silver_animation v0.1.0-alpha0.4 (https://github.com/lenscas/silver_animation#717900a7)
[INFO] [stderr]     Checking mergui v0.1.0-alpha0.7
[INFO] [stderr]     Checking magic_wars v0.1.0 (/opt/rustwide/workdir)
[INFO] [stdout] error[E0432]: unresolved import `quicksilver::lifecycle`
[INFO] [stdout]  --> src/main.rs:6:5
[INFO] [stdout]   |
[INFO] [stdout] 6 |     lifecycle::{run, EventStream, Settings, Window},
[INFO] [stdout]   |     ^^^^^^^^^ could not find `lifecycle` in `quicksilver`
[INFO] [stdout] 
[INFO] [stdout] 
[INFO] [stdout] error[E0432]: unresolved import `quicksilver::lifecycle`
[INFO] [stdout]   --> src/panel.rs:10:5
[INFO] [stdout]    |
[INFO] [stdout] 10 |     lifecycle::{Event, MouseButton},
[INFO] [stdout]    |     ^^^^^^^^^ could not find `lifecycle` in `quicksilver`
[INFO] [stdout] 
[INFO] [stdout] 
[INFO] [stdout] error[E0432]: unresolved import `quicksilver::lifecycle`
[INFO] [stdout]   --> src/screens/game.rs:13:5
[INFO] [stdout]    |
[INFO] [stdout] 13 |     lifecycle::{Key, MouseButton},
[INFO] [stdout]    |     ^^^^^^^^^ could not find `lifecycle` in `quicksilver`
[INFO] [stdout] 
[INFO] [stdout] 
[INFO] [stdout] error[E0432]: unresolved import `quicksilver::lifecycle`
[INFO] [stdout]  --> src/screens/screen.rs:3:19
[INFO] [stdout]   |
[INFO] [stdout] 3 | use quicksilver::{lifecycle::Event, Result};
[INFO] [stdout]   |                   ^^^^^^^^^ could not find `lifecycle` in `quicksilver`
[INFO] [stdout] 
[INFO] [stdout] 
[INFO] [stdout] error[E0433]: failed to resolve: could not find `lifecycle` in `quicksilver`
[INFO] [stdout]    --> src/screens/game.rs:233:30
[INFO] [stdout]     |
[INFO] [stdout] 233 |         event: &quicksilver::lifecycle::Event,
[INFO] [stdout]     |                              ^^^^^^^^^ could not find `lifecycle` in `quicksilver`
[INFO] [stdout] 
[INFO] [stdout] 
[INFO] [stdout] error[E0433]: failed to resolve: could not find `lifecycle` in `quicksilver`
[INFO] [stdout]    --> src/screens/game.rs:255:26
[INFO] [stdout]     |
[INFO] [stdout] 255 |             quicksilver::lifecycle::Event::PointerInput(x) => {
[INFO] [stdout]     |                          ^^^^^^^^^ could not find `lifecycle` in `quicksilver`
[INFO] [stdout] 
[INFO] [stdout] 
[INFO] [stdout] error[E0433]: failed to resolve: could not find `lifecycle` in `quicksilver`
[INFO] [stdout]    --> src/screens/game.rs:293:26
[INFO] [stdout]     |
[INFO] [stdout] 293 |             quicksilver::lifecycle::Event::PointerMoved(x) => {
[INFO] [stdout]     |                          ^^^^^^^^^ could not find `lifecycle` in `quicksilver`
[INFO] [stdout] 
[INFO] [stdout] 
[INFO] [stdout] error[E0433]: failed to resolve: could not find `lifecycle` in `quicksilver`
[INFO] [stdout]    --> src/screens/game.rs:298:26
[INFO] [stdout]     |
[INFO] [stdout] 298 |             quicksilver::lifecycle::Event::KeyboardInput(x) => {
[INFO] [stdout]     |                          ^^^^^^^^^ could not find `lifecycle` in `quicksilver`
[INFO] [stdout] 
[INFO] [stdout] 
[INFO] [stdout] error[E0433]: failed to resolve: could not find `lifecycle` in `quicksilver`
[INFO] [stdout]   --> src/main.rs:87:33
[INFO] [stdout]    |
[INFO] [stdout] 87 |             if let quicksilver::lifecycle::Event::FocusChanged(x) = &event {
[INFO] [stdout]    |                                 ^^^^^^^^^ could not find `lifecycle` in `quicksilver`
[INFO] [stdout] 
[INFO] [stdout] 
[INFO] [stdout] error[E0433]: failed to resolve: could not find `lifecycle` in `quicksilver`
[INFO] [stdout]   --> src/main.rs:92:37
[INFO] [stdout]    |
[INFO] [stdout] 92 |                 if let quicksilver::lifecycle::Event::PointerMoved(x) = &event {
[INFO] [stdout]    |                                     ^^^^^^^^^ could not find `lifecycle` in `quicksilver`
[INFO] [stdout] 
[INFO] [stdout] 
[INFO] [stdout] warning: unused import: `Transform`
[INFO] [stdout]  --> src/main.rs:4:23
[INFO] [stdout]   |
[INFO] [stdout] 4 |     geom::{Rectangle, Transform, Vector},
[INFO] [stdout]   |                       ^^^^^^^^^
[INFO] [stdout]   |
[INFO] [stdout]   = note: `#[warn(unused_imports)]` on by default
[INFO] [stdout] 
[INFO] [stdout] 
[INFO] [stdout] warning: unused imports: `BasicClickable`, `Clickable`, `Context`, `LayerId`, `Response`, `button::Button`
[INFO] [stdout]  --> src/panel.rs:3:16
[INFO] [stdout]   |
[INFO] [stdout] 3 |     channels::{BasicClickable, Clickable},
[INFO] [stdout]   |                ^^^^^^^^^^^^^^  ^^^^^^^^^
[INFO] [stdout] 4 |     widgets::{button::Button, ButtonConfig},
[INFO] [stdout]   |               ^^^^^^^^^^^^^^
[INFO] [stdout] 5 |     Context, FontStyle, LayerId, MFont, Response,
[INFO] [stdout]   |     ^^^^^^^             ^^^^^^^         ^^^^^^^^
[INFO] [stdout] 
[INFO] [stdout] 
[INFO] [stdout] error[E0432]: unresolved import `quicksilver::lifecycle`
[INFO] [stdout]  --> src/main.rs:6:5
[INFO] [stdout]   |
[INFO] [stdout] 6 |     lifecycle::{run, EventStream, Settings, Window},
[INFO] [stdout]   |     ^^^^^^^^^ could not find `lifecycle` in `quicksilver`
[INFO] [stdout] 
[INFO] [stdout] 
[INFO] [stdout] error[E0432]: unresolved import `quicksilver::lifecycle`
[INFO] [stdout]   --> src/panel.rs:10:5
[INFO] [stdout]    |
[INFO] [stdout] 10 |     lifecycle::{Event, MouseButton},
[INFO] [stdout]    |     ^^^^^^^^^ could not find `lifecycle` in `quicksilver`
[INFO] [stdout] 
[INFO] [stdout] 
[INFO] [stdout] error[E0432]: unresolved import `quicksilver::lifecycle`
[INFO] [stdout]   --> src/screens/game.rs:13:5
[INFO] [stdout]    |
[INFO] [stdout] 13 |     lifecycle::{Key, MouseButton},
[INFO] [stdout]    |     ^^^^^^^^^ could not find `lifecycle` in `quicksilver`
[INFO] [stdout] 
[INFO] [stdout] 
[INFO] [stdout] error[E0107]: wrong number of lifetime arguments: expected 0, found 1
[INFO] [stdout]   --> src/main.rs:22:26
[INFO] [stdout]    |
[INFO] [stdout] 22 |     pub context: Context<'a>,
[INFO] [stdout]    |                          ^^ unexpected lifetime argument
[INFO] [stdout] 
[INFO] [stdout] 
[INFO] [stdout] error: aborting due to 11 previous errors; 2 warnings emitted
[INFO] [stdout] 
[INFO] [stdout] 
[INFO] [stdout] Some errors have detailed explanations: E0107, E0432, E0433.
[INFO] [stdout] 
[INFO] [stdout] For more information about an error, try `rustc --explain E0107`.
[INFO] [stdout] 
[INFO] [stdout] error[E0432]: unresolved import `quicksilver::lifecycle`
[INFO] [stdout]  --> src/screens/screen.rs:3:19
[INFO] [stdout]   |
[INFO] [stdout] 3 | use quicksilver::{lifecycle::Event, Result};
[INFO] [stdout]   |                   ^^^^^^^^^ could not find `lifecycle` in `quicksilver`
[INFO] [stdout] 
[INFO] [stdout] 
[INFO] [stdout] error[E0433]: failed to resolve: could not find `lifecycle` in `quicksilver`
[INFO] [stdout]    --> src/screens/game.rs:233:30
[INFO] [stdout]     |
[INFO] [stdout] 233 |         event: &quicksilver::lifecycle::Event,
[INFO] [stdout]     |                              ^^^^^^^^^ could not find `lifecycle` in `quicksilver`
[INFO] [stdout] 
[INFO] [stdout] 
[INFO] [stdout] error[E0433]: failed to resolve: could not find `lifecycle` in `quicksilver`
[INFO] [stdout]    --> src/screens/game.rs:255:26
[INFO] [stdout]     |
[INFO] [stdout] 255 |             quicksilver::lifecycle::Event::PointerInput(x) => {
[INFO] [stdout]     |                          ^^^^^^^^^ could not find `lifecycle` in `quicksilver`
[INFO] [stdout] 
[INFO] [stdout] 
[INFO] [stderr] error: could not compile `magic_wars`.
[INFO] [stdout] error[E0433]: failed to resolve: could not find `lifecycle` in `quicksilver`
[INFO] [stdout]    --> src/screens/game.rs:293:26
[INFO] [stdout]     |
[INFO] [stdout] 293 |             quicksilver::lifecycle::Event::PointerMoved(x) => {
[INFO] [stdout]     |                          ^^^^^^^^^ could not find `lifecycle` in `quicksilver`
[INFO] [stdout] 
[INFO] [stdout] 
[INFO] [stderr] 
[INFO] [stderr] To learn more, run the command again with --verbose.
[INFO] [stderr] warning: build failed, waiting for other jobs to finish...
[INFO] [stdout] error[E0433]: failed to resolve: could not find `lifecycle` in `quicksilver`
[INFO] [stdout]    --> src/screens/game.rs:298:26
[INFO] [stdout]     |
[INFO] [stdout] 298 |             quicksilver::lifecycle::Event::KeyboardInput(x) => {
[INFO] [stdout]     |                          ^^^^^^^^^ could not find `lifecycle` in `quicksilver`
[INFO] [stdout] 
[INFO] [stdout] 
[INFO] [stdout] error[E0433]: failed to resolve: could not find `lifecycle` in `quicksilver`
[INFO] [stdout]   --> src/main.rs:87:33
[INFO] [stdout]    |
[INFO] [stdout] 87 |             if let quicksilver::lifecycle::Event::FocusChanged(x) = &event {
[INFO] [stdout]    |                                 ^^^^^^^^^ could not find `lifecycle` in `quicksilver`
[INFO] [stdout] 
[INFO] [stdout] 
[INFO] [stdout] error[E0433]: failed to resolve: could not find `lifecycle` in `quicksilver`
[INFO] [stdout]   --> src/main.rs:92:37
[INFO] [stdout]    |
[INFO] [stdout] 92 |                 if let quicksilver::lifecycle::Event::PointerMoved(x) = &event {
[INFO] [stdout]    |                                     ^^^^^^^^^ could not find `lifecycle` in `quicksilver`
[INFO] [stdout] 
[INFO] [stdout] 
[INFO] [stdout] warning: unused import: `Transform`
[INFO] [stdout]  --> src/main.rs:4:23
[INFO] [stdout]   |
[INFO] [stdout] 4 |     geom::{Rectangle, Transform, Vector},
[INFO] [stdout]   |                       ^^^^^^^^^
[INFO] [stdout]   |
[INFO] [stdout]   = note: `#[warn(unused_imports)]` on by default
[INFO] [stdout] 
[INFO] [stdout] 
[INFO] [stdout] warning: unused imports: `BasicClickable`, `Clickable`, `Context`, `LayerId`, `Response`, `button::Button`
[INFO] [stdout]  --> src/panel.rs:3:16
[INFO] [stdout]   |
[INFO] [stdout] 3 |     channels::{BasicClickable, Clickable},
[INFO] [stdout]   |                ^^^^^^^^^^^^^^  ^^^^^^^^^
[INFO] [stdout] 4 |     widgets::{button::Button, ButtonConfig},
[INFO] [stdout]   |               ^^^^^^^^^^^^^^
[INFO] [stdout] 5 |     Context, FontStyle, LayerId, MFont, Response,
[INFO] [stdout]   |     ^^^^^^^             ^^^^^^^         ^^^^^^^^
[INFO] [stdout] 
[INFO] [stdout] 
[INFO] [stdout] error[E0107]: wrong number of lifetime arguments: expected 0, found 1
[INFO] [stdout]   --> src/main.rs:22:26
[INFO] [stdout]    |
[INFO] [stdout] 22 |     pub context: Context<'a>,
[INFO] [stdout]    |                          ^^ unexpected lifetime argument
[INFO] [stdout] 
[INFO] [stdout] 
[INFO] [stdout] error: aborting due to 11 previous errors; 2 warnings emitted
[INFO] [stdout] 
[INFO] [stdout] 
[INFO] [stdout] Some errors have detailed explanations: E0107, E0432, E0433.
[INFO] [stdout] 
[INFO] [stdout] For more information about an error, try `rustc --explain E0107`.
[INFO] [stdout] 
[INFO] [stderr] error: build failed
[INFO] running `Command { std: "docker" "inspect" "39af9c6e1978a51fdfc48a2117b53267ce4e0ec5f6fd997e5b179d5f51588280", kill_on_drop: false }`
[INFO] running `Command { std: "docker" "rm" "-f" "39af9c6e1978a51fdfc48a2117b53267ce4e0ec5f6fd997e5b179d5f51588280", kill_on_drop: false }`
[INFO] [stdout] 39af9c6e1978a51fdfc48a2117b53267ce4e0ec5f6fd997e5b179d5f51588280
